
What is the ten millions digit of 397564272?
9
What is the ten millions digit of 557120995?
5
What is the units digit of 109021194?
4
What is the hundred thousands digit of 1876360416?
3
What is the billions digit of 6326945182?
6
What is the hundreds digit of 13663733?
7
What is the ten thousands digit of 225016767?
1
What is the tens digit of 37657233?
3
What is the units digit of 409433758?
8
What is the millions digit of 75344608?
5
What is the thousands digit of 193028604?
8
What is the hundred thousands digit of 246117584?
1
What is the ten thousands digit of 2196069955?
6
What is the hundred millions digit of 283036905?
2
What is the thousands digit of 1863531876?
1
What is the ten millions digit of 31540437?
3
What is the hundred millions digit of 1766206138?
7
What is the billions digit of 1430518012?
1
What is the hundred thousands digit of 4109617070?
6
What is the units digit of 6506933?
3
What is the ten thousands digit of 16323983?
2
What is the hundred millions digit of 1016465979?
0
What is the ten thousands digit of 1026905915?
0
What is the units digit of 86208724?
4
What is the hundreds digit of 2617763141?
1
What is the thousands digit of 102566882?
6
What is the hundreds digit of 36190573?
5
What is the hundreds digit of 424038365?
3
What is the millions digit of 3837415327?
7
What is the hundred thousands digit of 55078543?
0
What is the hundred millions digit of 108960918?
1
What is the thousands digit of 166805176?
5
What is the units digit of 446961498?
8
What is the hundred millions digit of 1331869767?
3
What is the hundred thousands digit of 29255244?
2
What is the hundred thousands digit of 998389186?
3
What is the units digit of 46954401?
1
What is the tens digit of 701195147?
4
What is the ten millions digit of 74752100?
7
What is the hundreds digit of 5909362210?
2
What is the tens digit of 2727042619?
1
What is the ten millions digit of 903048043?
0
What is the billions digit of 7845879184?
7
What is the ten thousands digit of 266603509?
0
What is the billions digit of 2952723344?
2
What is the ten millions digit of 111805388?
1
What is the hundreds digit of 1532418483?
4
What is the hundred thousands digit of 426293239?
2
What is the ten thousands digit of 329182835?
8
What is the thousands digit of 69458510?
8
What is the millions digit of 71891619?
1
What is the millions digit of 2136080071?
6
What is the units digit of 20156860?
0
What is the millions digit of 310702425?
0
What is the units digit of 44395424?
4
What is the ten thousands digit of 20467791?
6
What is the thousands digit of 245252781?
2
What is the hundreds digit of 4443280?
2
What is the hundreds digit of 2799243943?
9
What is the ten thousands digit of 344217344?
1
What is the thousands digit of 44127735?
7
What is the millions digit of 311661175?
1
What is the thousands digit of 943147090?
7
What is the ten thousands digit of 836562477?
6
What is the ten thousands digit of 449528908?
2
What is the hundred thousands digit of 81146267?
1
What is the millions digit of 2777833986?
7
What is the thousands digit of 133795075?
5
What is the hundred thousands digit of 41455006?
4
What is the hundreds digit of 2075281477?
4
What is the ten thousands digit of 246062229?
6
What is the tens digit of 292276991?
9
What is the thousands digit of 1093291029?
1
What is the tens digit of 810538473?
7
What is the ten millions digit of 16397548?
1
What is the ten millions digit of 15526201?
1
What is the hundreds digit of 5062985?
9
What is the thousands digit of 80060367?
0
What is the ten millions digit of 209373924?
0
What is the ten thousands digit of 2643335842?
3
What is the units digit of 286547832?
2
What is the ten millions digit of 2186635851?
8
What is the thousands digit of 61615112?
5
What is the ten thousands digit of 493579814?
7
What is the millions digit of 315802708?
5
What is the tens digit of 1886656907?
0
What is the ten thousands digit of 1854242484?
4
What is the hundreds digit of 2130375472?
4
What is the millions digit of 182766000?
2
What is the hundred thousands digit of 1661832938?
8
What is the millions digit of 3708019529?
8
What is the hundred thousands digit of 229871486?
8
What is the hundred millions digit of 196058494?
1
What is the thousands digit of 88288453?
8
What is the thousands digit of 30025499?
5
What is the thousands digit of 1299852138?
2
What is the thousands digit of 38294794?
4
What is the thousands digit of 2597857285?
7
What is the millions digit of 41089742?
1
What is the millions digit of 47543259?
7
What is the units digit of 2432614517?
7
What is the millions digit of 278685305?
8
What is the ten thousands digit of 1264895940?
9
What is the hundreds digit of 3363977044?
0
What is the hundreds digit of 312183933?
9
What is the hundred thousands digit of 105949268?
9
What is the units digit of 287196?
6
What is the tens digit of 1453291076?
7
What is the ten millions digit of 5800997004?
0
What is the hundred thousands digit of 45876957?
8
What is the hundred thousands digit of 22582679?
5
What is the hundred thousands digit of 38131224?
1
What is the hundreds digit of 238666419?
4
What is the ten millions digit of 2390750832?
9
What is the tens digit of 70150031?
3
What is the hundreds digit of 870128100?
1
What is the units digit of 59531738?
8
What is the units digit of 44203205?
5
What is the thousands digit of 494966605?
6
What is the ten thousands digit of 1705977067?
7
What is the hundreds digit of 6345293194?
1
What is the thousands digit of 323127870?
7
What is the ten millions digit of 179634911?
7
What is the ten millions digit of 4581279925?
8
What is the tens digit of 36121297?
9
What is the hundreds digit of 637788872?
8
What is the ten millions digit of 96318821?
9
What is the hundreds digit of 128801060?
0
What is the hundred thousands digit of 206186168?
1
What is the ten millions digit of 46594860?
4
What is the ten thousands digit of 16567069?
6
What is the hundred millions digit of 773642912?
7
What is the hundred thousands digit of 27204883?
2
What is the hundreds digit of 1020968435?
4
What is the millions digit of 437957172?
7
What is the tens digit of 420566789?
8
What is the ten millions digit of 33890182?
3
What is the millions digit of 15779728?
5
What is the ten thousands digit of 12115655?
1
What is the units digit of 6211592?
2
What is the ten thousands digit of 562998099?
9
What is the hundred thousands digit of 1796149946?
1
What is the hundred thousands digit of 28264573?
2
What is the hundreds digit of 40702074?
0
What is the ten millions digit of 66150150?
6
What is the ten millions digit of 505605929?
0
What is the ten thousands digit of 2786141703?
4
What is the hundreds digit of 1548865280?
2
What is the thousands digit of 250312172?
2
What is the units digit of 2888177245?
5
What is the millions digit of 178029199?
8
What is the ten millions digit of 33827605?
3
What is the tens digit of 39644463?
6
What is the thousands digit of 32248571?
8
What is the hundreds digit of 73419311?
3
What is the units digit of 1863429715?
5
What is the thousands digit of 48381715?
1
What is the thousands digit of 121843610?
3
What is the ten millions digit of 59350935?
5
What is the hundreds digit of 834668190?
1
What is the hundreds digit of 895991728?
7
What is the ten thousands digit of 32706255?
0
What is the hundred thousands digit of 423310438?
3
What is the tens digit of 6180322?
2
What is the tens digit of 1953784579?
7
What is the hundreds digit of 666367174?
1
What is the units digit of 36211084?
4
What is the thousands digit of 2364163311?
3
What is the hundred thousands digit of 1323051625?
0
What is the millions digit of 715225579?
5
What is the units digit of 1641958?
8
What is the ten millions digit of 320718368?
2
What is the ten millions digit of 24791283?
2
What is the hundreds digit of 6881086478?
4
What is the ten millions digit of 56897945?
5
What is the ten thousands digit of 582018907?
1
What is the tens digit of 290996138?
3
What is the billions digit of 1847417025?
1
What is the thousands digit of 375385023?
5
What is the millions digit of 592789004?
2
What is the millions digit of 743305235?
3
What is the ten millions digit of 625891263?
2
What is the unit